[INFO] cloning repository https://github.com/EmilLindfors/rust-email-sub
[INFO] running `Command { std: "git" "-c" "credential.helper=" "-c" "credential.helper=/workspace/cargo-home/bin/git-credential-null" "clone" "--bare" "https://github.com/EmilLindfors/rust-email-sub" "/workspace/cache/git-repos/https%3A%2F%2Fgithub.com%2FEmilLindfors%2Frust-email-sub", kill_on_drop: false }`
[INFO] [stderr] Cloning into bare repository '/workspace/cache/git-repos/https%3A%2F%2Fgithub.com%2FEmilLindfors%2Frust-email-sub'...
[INFO] running `Command { std: "git" "rev-parse" "HEAD", kill_on_drop: false }`
[INFO] [stdout] 8e493aefdde00210fd13d577494538ed549af02b
[INFO] checking EmilLindfors/rust-email-sub against master#9610dfe5a9a731ced1ea4923ecbd0c57fe367898 for beta-170-4
[INFO] running `Command { std: "git" "clone" "/workspace/cache/git-repos/https%3A%2F%2Fgithub.com%2FEmilLindfors%2Frust-email-sub" "/workspace/builds/worker-4-tc1/source", kill_on_drop: false }`
[INFO] [stderr] Cloning into '/workspace/builds/worker-4-tc1/source'...
[INFO] [stderr] done.
[INFO] validating manifest of git repo https://github.com/EmilLindfors/rust-email-sub on toolchain 9610dfe5a9a731ced1ea4923ecbd0c57fe367898
[INFO] running `Command { std: CARGO_HOME="/workspace/cargo-home" RUSTUP_HOME="/workspace/rustup-home" "/workspace/cargo-home/bin/cargo" "+9610dfe5a9a731ced1ea4923ecbd0c57fe367898" "metadata" "--manifest-path" "Cargo.toml" "--no-deps", kill_on_drop: false }`
[INFO] started tweaking git repo https://github.com/EmilLindfors/rust-email-sub
[INFO] finished tweaking git repo https://github.com/EmilLindfors/rust-email-sub
[INFO] tweaked toml for git repo https://github.com/EmilLindfors/rust-email-sub written to /workspace/builds/worker-4-tc1/source/Cargo.toml
[INFO] crate git repo https://github.com/EmilLindfors/rust-email-sub already has a lockfile, it will not be regenerated
[INFO] running `Command { std: CARGO_HOME="/workspace/cargo-home" RUSTUP_HOME="/workspace/rustup-home" "/workspace/cargo-home/bin/cargo" "+9610dfe5a9a731ced1ea4923ecbd0c57fe367898" "fetch" "--manifest-path" "Cargo.toml", kill_on_drop: false }`
[INFO] [stderr]     Updating git repository `https://github.com/LukeMathWalker/actix-extras`
[INFO] [stderr]     Updating crates.io index
[INFO] [stderr]  Downloading crates ...
[INFO] [stderr]   Downloaded sqlx v0.5.10
[INFO] [stderr]   Downloaded psl-types v2.0.10
[INFO] [stderr]   Downloaded sqlx-rt v0.5.10
[INFO] [stderr]   Downloaded wiremock v0.5.10
[INFO] [stderr]   Downloaded validator_types v0.14.0
[INFO] [stderr]   Downloaded arc-swap v1.5.0
[INFO] [stderr]   Downloaded socket2 v0.4.3
[INFO] [stderr]   Downloaded blake2 v0.10.2
[INFO] [stderr]   Downloaded validator v0.14.0
[INFO] [stderr]   Downloaded actix-web-codegen v0.5.0-rc.1
[INFO] [stderr]   Downloaded sqlx-macros v0.5.10
[INFO] [stderr]   Downloaded gethostname v0.2.2
[INFO] [stderr]   Downloaded sqlx-core v0.5.10
[INFO] [stderr]   Downloaded fake v2.3.0
[INFO] [stderr]   Downloaded linkify v0.8.0
[INFO] [stderr]   Downloaded tracing-bunyan-formatter v0.3.2
[INFO] [stderr]   Downloaded argon2 v0.3.2
[INFO] [stderr]   Downloaded publicsuffix v2.1.1
[INFO] [stderr]   Downloaded tracing-actix-web v0.5.0-beta.10
[INFO] [stderr]   Downloaded actix-web-flash-messages v0.3.0
[INFO] [stderr]   Downloaded actix-http v3.0.0-beta.19
[INFO] [stderr]   Downloaded actix-router v0.5.0-rc.2
[INFO] [stderr]   Downloaded time v0.3.6
[INFO] [stderr]   Downloaded cookie_store v0.15.1
[INFO] [stderr]   Downloaded num_threads v0.1.2
[INFO] [stderr]   Downloaded actix-web v4.0.0-beta.20
[INFO] [stderr]   Downloaded serde_derive v1.0.135
[INFO] [stderr]   Downloaded serde v1.0.135
[INFO] [stderr]   Downloaded serde-aux v3.0.1
[INFO] [stderr]   Downloaded hkdf v0.12.0
[INFO] running `Command { std: "docker" "create" "-v" "/var/lib/crater-agent-workspace/builds/worker-4-tc1/target:/opt/rustwide/target:rw,Z" "-v" "/var/lib/crater-agent-workspace/builds/worker-4-tc1/source:/opt/rustwide/workdir:ro,Z" "-v" "/var/lib/crater-agent-workspace/cargo-home:/opt/rustwide/cargo-home:ro,Z" "-v" "/var/lib/crater-agent-workspace/rustup-home:/opt/rustwide/rustup-home:ro,Z" "-e" "SOURCE_DIR=/opt/rustwide/workdir" "-e" "CARGO_TARGET_DIR=/opt/rustwide/target" "-e" "CARGO_HOME=/opt/rustwide/cargo-home" "-e" "RUSTUP_HOME=/opt/rustwide/rustup-home" "-w" "/opt/rustwide/workdir" "-m" "1610612736" "--user" "0:0" "--network" "none" "ghcr.io/rust-lang/crates-build-env/linux@sha256:19e73879b68f455e41552ea35293514db52ea292d993f571636dbffedb77a1ee" "/opt/rustwide/cargo-home/bin/cargo" "+9610dfe5a9a731ced1ea4923ecbd0c57fe367898" "metadata" "--no-deps" "--format-version=1", kill_on_drop: false }`
[INFO] [stdout] e00de3f45ef379871bde72a04f238722e0c954ab50b1199232fc495ad93c8ae6
[INFO] running `Command { std: "docker" "start" "-a" "e00de3f45ef379871bde72a04f238722e0c954ab50b1199232fc495ad93c8ae6", kill_on_drop: false }`
[INFO] running `Command { std: "docker" "inspect" "e00de3f45ef379871bde72a04f238722e0c954ab50b1199232fc495ad93c8ae6", kill_on_drop: false }`
[INFO] running `Command { std: "docker" "rm" "-f" "e00de3f45ef379871bde72a04f238722e0c954ab50b1199232fc495ad93c8ae6", kill_on_drop: false }`
[INFO] [stdout] e00de3f45ef379871bde72a04f238722e0c954ab50b1199232fc495ad93c8ae6
[INFO] running `Command { std: "docker" "create" "-v" "/var/lib/crater-agent-workspace/builds/worker-4-tc1/target:/opt/rustwide/target:rw,Z" "-v" "/var/lib/crater-agent-workspace/builds/worker-4-tc1/source:/opt/rustwide/workdir:ro,Z" "-v" "/var/lib/crater-agent-workspace/cargo-home:/opt/rustwide/cargo-home:ro,Z" "-v" "/var/lib/crater-agent-workspace/rustup-home:/opt/rustwide/rustup-home:ro,Z" "-e" "SOURCE_DIR=/opt/rustwide/workdir" "-e" "CARGO_TARGET_DIR=/opt/rustwide/target" "-e" "CARGO_INCREMENTAL=0" "-e" "RUST_BACKTRACE=full" "-e" "RUSTFLAGS=--cap-lints=forbid" "-e" "RUSTDOCFLAGS=--cap-lints=forbid" "-e" "CARGO_HOME=/opt/rustwide/cargo-home" "-e" "RUSTUP_HOME=/opt/rustwide/rustup-home" "-w" "/opt/rustwide/workdir" "-m" "1610612736" "--user" "0:0" "--network" "none" "ghcr.io/rust-lang/crates-build-env/linux@sha256:19e73879b68f455e41552ea35293514db52ea292d993f571636dbffedb77a1ee" "/opt/rustwide/cargo-home/bin/cargo" "+9610dfe5a9a731ced1ea4923ecbd0c57fe367898" "check" "--frozen" "--all" "--all-targets" "--message-format=json", kill_on_drop: false }`
[INFO] [stdout] 4d01d50a1cb92fe9f1699e3d05cb37804905b1f1e117fef7a96e46fe9780e8b7
[INFO] running `Command { std: "docker" "start" "-a" "4d01d50a1cb92fe9f1699e3d05cb37804905b1f1e117fef7a96e46fe9780e8b7", kill_on_drop: false }`
[INFO] [stderr]    Compiling libc v0.2.113
[INFO] [stderr]    Compiling syn v1.0.86
[INFO] [stderr]    Compiling futures-core v0.3.19
[INFO] [stderr]    Compiling serde_derive v1.0.135
[INFO] [stderr]    Compiling serde v1.0.135
[INFO] [stderr]     Checking pin-project-lite v0.2.8
[INFO] [stderr]    Compiling proc-macro2 v1.0.36
[INFO] [stderr]    Compiling generic-array v0.14.5
[INFO] [stderr]     Checking futures-sink v0.3.19
[INFO] [stderr]     Checking subtle v2.4.1
[INFO] [stderr]    Compiling futures-channel v0.3.19
[INFO] [stderr]    Compiling futures-task v0.3.19
[INFO] [stderr]     Checking futures-io v0.3.19
[INFO] [stderr]    Compiling memchr v2.4.1
[INFO] [stderr]    Compiling futures-util v0.3.19
[INFO] [stderr]    Compiling once_cell v1.9.0
[INFO] [stderr]    Compiling log v0.4.14
[INFO] [stderr]    Compiling serde_json v1.0.78
[INFO] [stderr]    Compiling indexmap v1.8.0
[INFO] [stderr]     Checking http v0.2.6
[INFO] [stderr]    Compiling crossbeam-utils v0.8.6
[INFO] [stderr]    Compiling instant v0.1.12
[INFO] [stderr]    Compiling typenum v1.15.0
[INFO] [stderr]    Compiling smallvec v1.8.0
[INFO] [stderr]    Compiling itoa v1.0.1
[INFO] [stderr]    Compiling scopeguard v1.1.0
[INFO] [stderr]    Compiling spin v0.5.2
[INFO] [stderr]    Compiling untrusted v0.7.1
[INFO] [stderr]    Compiling lock_api v0.4.5
[INFO] [stderr]    Compiling crossbeam-queue v0.3.3
[INFO] [stderr]    Compiling quote v1.0.15
[INFO] [stderr]    Compiling standback v0.2.17
[INFO] [stderr]     Checking alloc-no-stdlib v2.0.3
[INFO] [stderr]    Compiling crc32fast v1.3.1
[INFO] [stderr]    Compiling zstd-safe v4.1.3+zstd.1.5.1
[INFO] [stderr]     Checking local-waker v0.1.2
[INFO] [stderr]    Compiling encoding_rs v0.8.30
[INFO] [stderr]    Compiling tinyvec v1.5.1
[INFO] [stderr]     Checking alloc-stdlib v0.2.1
[INFO] [stderr]    Compiling aho-corasick v0.7.18
[INFO] [stderr]     Checking crypto-common v0.1.1
[INFO] [stderr]     Checking block-buffer v0.10.0
[INFO] [stderr]     Checking universal-hash v0.4.1
[INFO] [stderr]     Checking digest v0.10.1
[INFO] [stderr]     Checking cipher v0.3.0
[INFO] [stderr]     Checking polyval v0.5.3
[INFO] [stderr]    Compiling time-macros v0.2.3
[INFO] [stderr]     Checking num_threads v0.1.2
[INFO] [stderr]     Checking actix-service v2.0.2
[INFO] [stderr]     Checking aes v0.7.5
[INFO] [stderr]     Checking ctr v0.8.0
[INFO] [stderr]     Checking ghash v0.4.4
[INFO] [stderr]     Checking hmac v0.12.0
[INFO] [stderr]    Compiling jobserver v0.1.24
[INFO] [stderr]    Compiling getrandom v0.2.4
[INFO] [stderr]     Checking parking_lot_core v0.8.5
[INFO] [stderr]     Checking num_cpus v1.13.1
[INFO] [stderr]     Checking mio v0.7.14
[INFO] [stderr]     Checking signal-hook-registry v1.4.0
[INFO] [stderr]    Compiling cc v1.0.72
[INFO] [stderr]     Checking parking_lot v0.11.2
[INFO] [stderr]     Checking socket2 v0.4.3
[INFO] [stderr]     Checking ahash v0.7.6
[INFO] [stderr]     Checking rand_core v0.6.3
[INFO] [stderr]     Checking rand_chacha v0.3.1
[INFO] [stderr]     Checking hashbrown v0.11.2
[INFO] [stderr]    Compiling digest v0.9.0
[INFO] [stderr]    Compiling unicode-normalization v0.1.19
[INFO] [stderr]     Checking rand v0.8.4
[INFO] [stderr]    Compiling block-buffer v0.9.0
[INFO] [stderr]    Compiling regex v1.5.4
[INFO] [stderr]     Checking brotli-decompressor v2.3.2
[INFO] [stderr]    Compiling tokio v1.15.0
[INFO] [stderr]     Checking aead v0.4.3
[INFO] [stderr]     Checking actix-utils v3.0.0
[INFO] [stderr]    Compiling num-traits v0.2.14
[INFO] [stderr]    Compiling cookie v0.16.0
[INFO] [stderr]    Compiling nom v5.1.2
[INFO] [stderr]    Compiling async-trait v0.1.52
[INFO] [stderr]     Checking time v0.3.6
[INFO] [stderr]    Compiling anyhow v1.0.53
[INFO] [stderr]    Compiling unicode-bidi v0.3.7
[INFO] [stderr]    Compiling openssl v0.10.38
[INFO] [stderr]    Compiling ring v0.16.20
[INFO] [stderr]    Compiling zstd-sys v1.6.2+zstd.1.5.1
[INFO] [stderr]    Compiling openssl-sys v0.9.72
[INFO] [stderr]    Compiling firestorm v0.5.0
[INFO] [stderr]    Compiling const_fn v0.4.9
[INFO] [stderr]    Compiling lazy_static v1.4.0
[INFO] [stderr]    Compiling base64 v0.13.0
[INFO] [stderr]    Compiling opaque-debug v0.3.0
[INFO] [stderr]     Checking lexical-core v0.7.6
[INFO] [stderr]     Checking brotli v3.3.3
[INFO] [stderr]     Checking aes-gcm v0.9.4
[INFO] [stderr]     Checking hkdf v0.12.0
[INFO] [stderr]     Checking getrandom v0.1.16
[INFO] [stderr]     Checking mio v0.8.0
[INFO] [stderr]     Checking flate2 v1.0.22
[INFO] [stderr]     Checking sha-1 v0.10.0
[INFO] [stderr]     Checking sha2 v0.10.1
[INFO] [stderr]    Compiling time v0.2.27
[INFO] [stderr]    Compiling cpufeatures v0.2.1
[INFO] [stderr]     Checking unicode-xid v0.2.2
[INFO] [stderr]    Compiling minimal-lexical v0.2.1
[INFO] [stderr]    Compiling ppv-lite86 v0.2.16
[INFO] [stderr]    Compiling native-tls v0.2.8
[INFO] [stderr]     Checking byteorder v1.4.3
[INFO] [stderr]     Checking want v0.3.0
[INFO] [stderr]    Compiling nom v7.1.0
[INFO] [stderr]    Compiling crypto-mac v0.11.1
[INFO] [stderr]    Compiling form_urlencoded v1.0.1
[INFO] [stderr]     Checking rand_core v0.5.1
[INFO] [stderr]    Compiling num-integer v0.1.44
[INFO] [stderr]    Compiling idna v0.2.3
[INFO] [stderr]     Checking http-body v0.4.4
[INFO] [stderr]     Checking time v0.1.44
[INFO] [stderr]    Compiling dirs-sys v0.3.6
[INFO] [stderr]    Compiling cookie v0.15.1
[INFO] [stderr]    Compiling ryu v1.0.9
[INFO] [stderr]    Compiling crc-catalog v1.1.1
[INFO] [stderr]    Compiling unicode_categories v0.1.1
[INFO] [stderr]    Compiling pin-utils v0.1.0
[INFO] [stderr]    Compiling crc v2.1.0
[INFO] [stderr]     Checking chrono v0.4.19
[INFO] [stderr]    Compiling url v2.2.2
[INFO] [stderr]    Compiling dirs v4.0.0
[INFO] [stderr]     Checking rand_chacha v0.2.2
[INFO] [stderr]    Compiling hmac v0.11.0
[INFO] [stderr]    Compiling sha-1 v0.9.8
[INFO] [stderr]    Compiling sha2 v0.9.9
[INFO] [stderr]    Compiling crossbeam-channel v0.5.2
[INFO] [stderr]    Compiling atoi v0.4.0
[INFO] [stderr]    Compiling md-5 v0.9.1
[INFO] [stderr]    Compiling stringprep v0.1.2
[INFO] [stderr]    Compiling hashlink v0.7.0
[INFO] [stderr]    Compiling futures-intrusive v0.4.0
[INFO] [stderr]     Checking webpki v0.21.4
[INFO] [stderr]    Compiling sct v0.6.1
[INFO] [stderr]     Checking webpki v0.22.0
[INFO] [stderr]     Checking sct v0.7.0
[INFO] [stderr]    Compiling bitflags v1.3.2
[INFO] [stderr]     Checking psl-types v2.0.10
[INFO] [stderr]     Checking rustls v0.19.1
[INFO] [stderr]    Compiling webpki-roots v0.21.1
[INFO] [stderr]    Compiling unicode-segmentation v1.8.0
[INFO] [stderr]    Compiling uuid v0.8.2
[INFO] [stderr]    Compiling hex v0.4.3
[INFO] [stderr]     Checking rustls v0.20.2
[INFO] [stderr]    Compiling whoami v1.2.1
[INFO] [stderr]    Compiling actix-rt v2.6.0
[INFO] [stderr]    Compiling tokio-stream v0.1.8
[INFO] [stderr]     Checking publicsuffix v2.1.1
[INFO] [stderr]     Checking rand v0.7.3
[INFO] [stderr]    Compiling heck v0.3.3
[INFO] [stderr]     Checking tracing-log v0.1.2
[INFO] [stderr]     Checking thread_local v1.1.3
[INFO] [stderr]     Checking dtoa v0.4.8
[INFO] [stderr]    Compiling dotenv v0.15.0
[INFO] [stderr]     Checking base64ct v1.0.1
[INFO] [stderr]     Checking arc-swap v1.5.0
[INFO] [stderr]     Checking webpki-roots v0.22.2
[INFO] [stderr]     Checking gethostname v0.2.2
[INFO] [stderr]     Checking blake2 v0.10.2
[INFO] [stderr]     Checking rustls-pemfile v0.2.1
[INFO] [stderr]    Compiling http-types v2.12.0
[INFO] [stderr]     Checking ipnet v2.3.1
[INFO] [stderr]     Checking password-hash v0.3.2
[INFO] [stderr]     Checking zeroize v1.5.0
[INFO] [stderr]     Checking async-channel v1.6.1
[INFO] [stderr]     Checking futures-lite v1.12.0
[INFO] [stderr]    Compiling claim v0.5.0
[INFO] [stderr]     Checking infer v0.2.3
[INFO] [stderr]     Checking env_logger v0.7.1
[INFO] [stderr]     Checking futures-timer v3.0.2
[INFO] [stderr]     Checking fake v2.3.0
[INFO] [stderr]     Checking linkify v0.8.0
[INFO] [stderr]     Checking argon2 v0.3.2
[INFO] [stderr]     Checking quickcheck v0.9.2
[INFO] [stderr]    Compiling tokio-macros v1.7.0
[INFO] [stderr]    Compiling futures-macro v0.3.19
[INFO] [stderr]    Compiling tracing-attributes v0.1.18
[INFO] [stderr]    Compiling thiserror-impl v1.0.30
[INFO] [stderr]    Compiling actix-macros v0.2.3
[INFO] [stderr]    Compiling time-macros-impl v0.1.2
[INFO] [stderr]    Compiling derive_more v0.99.17
[INFO] [stderr]    Compiling tokio-rustls v0.22.0
[INFO] [stderr]     Checking time-macros v0.1.1
[INFO] [stderr]    Compiling sqlx-rt v0.5.10
[INFO] [stderr]    Compiling pin-project-internal v1.0.10
[INFO] [stderr]     Checking tracing v0.1.29
[INFO] [stderr]     Checking tracing-subscriber v0.3.6
[INFO] [stderr]     Checking thiserror v1.0.30
[INFO] [stderr]     Checking validator_types v0.14.0
[INFO] [stderr]    Compiling quickcheck_macros v0.9.1
[INFO] [stderr]     Checking pin-project v1.0.10
[INFO] [stderr]     Checking tracing-futures v0.2.5
[INFO] [stderr]     Checking local-channel v0.1.2
[INFO] [stderr]     Checking futures-executor v0.3.19
[INFO] [stderr]     Checking futures v0.3.19
[INFO] [stderr]     Checking tokio-util v0.6.9
[INFO] [stderr]     Checking tokio-native-tls v0.3.0
[INFO] [stderr]     Checking tokio-rustls v0.23.2
[INFO] [stderr]     Checking actix-server v2.0.0
[INFO] [stderr]     Checking h2 v0.3.10
[INFO] [stderr]     Checking actix-codec v0.4.2
[INFO] [stderr]     Checking combine v4.6.3
[INFO] [stderr]     Checking serde_urlencoded v0.7.1
[INFO] [stderr]     Checking actix-router v0.5.0-rc.2
[INFO] [stderr]     Checking either v1.6.1
[INFO] [stderr]     Checking serde_qs v0.8.5
[INFO] [stderr]     Checking secrecy v0.8.0
[INFO] [stderr]     Checking config v0.11.0
[INFO] [stderr]     Checking config v0.10.1
[INFO] [stderr]     Checking itertools v0.10.3
[INFO] [stderr]     Checking deadpool v0.7.0
[INFO] [stderr]    Compiling actix-web-codegen v0.5.0-rc.1
[INFO] [stderr]     Checking cookie_store v0.15.1
[INFO] [stderr]     Checking serde-aux v3.0.1
[INFO] [stderr]     Checking tracing-bunyan-formatter v0.3.2
[INFO] [stderr]     Checking validator v0.14.0
[INFO] [stderr]     Checking assert-json-diff v2.0.1
[INFO] [stderr]     Checking hyper v0.14.16
[INFO] [stderr]     Checking sqlformat v0.1.8
[INFO] [stderr]     Checking sqlx-core v0.5.10
[INFO] [stderr]     Checking redis v0.21.5
[INFO] [stderr]     Checking hyper-rustls v0.23.0
[INFO] [stderr]     Checking wiremock v0.5.10
[INFO] [stderr]     Checking reqwest v0.11.9
[INFO] [stderr]     Checking zstd v0.9.2+zstd.1.5.1
[INFO] [stderr]     Checking actix-http v3.0.0-beta.19
[INFO] [stderr]     Checking actix-web v4.0.0-beta.20
[INFO] [stderr]    Compiling sqlx-macros v0.5.10
[INFO] [stderr]     Checking actix-web-flash-messages v0.3.0
[INFO] [stderr]     Checking actix-session v0.5.0-beta.7 (https://github.com/LukeMathWalker/actix-extras?branch=rework-actix-session#6dd5ae36)
[INFO] [stderr]     Checking tracing-actix-web v0.5.0-beta.10
[INFO] [stderr]     Checking sqlx v0.5.10
[INFO] [stderr]     Checking rust_email_sub v0.1.0 (/opt/rustwide/workdir)
[INFO] [stdout] error: error communicating with database: Cannot assign requested address (os error 99)
[INFO] [stdout]   --> src/authentication.rs:77:15
[INFO] [stdout]    |
[INFO] [stdout] 77 |       let row = sqlx::query!(
[INFO] [stdout]    |  _______________^
[INFO] [stdout] 78 | |         r#"
[INFO] [stdout] 79 | |         SELECT user_id, password_hash
[INFO] [stdout] 80 | |         FROM users
[INFO] [stdout] ...  |
[INFO] [stdout] 83 | |         username,
[INFO] [stdout] 84 | |     )
[INFO] [stdout]    | |_____^
[INFO] [stdout]    |
[INFO] [stdout]    = note: this error originates in the macro `$crate::sqlx_macros::expand_query` which comes from the expansion of the macro `sqlx::query` (in Nightly builds, run with -Z macro-backtrace for more info)
[INFO] [stdout] 
[INFO] [stdout] 
[INFO] [stdout] error: error communicating with database: Cannot assign requested address (os error 99)
[INFO] [stdout]   --> src/authentication.rs:77:15
[INFO] [stdout]    |
[INFO] [stdout] 77 |       let row = sqlx::query!(
[INFO] [stdout]    |  _______________^
[INFO] [stdout] 78 | |         r#"
[INFO] [stdout] 79 | |         SELECT user_id, password_hash
[INFO] [stdout] 80 | |         FROM users
[INFO] [stdout] ...  |
[INFO] [stdout] 83 | |         username,
[INFO] [stdout] 84 | |     )
[INFO] [stdout]    | |_____^
[INFO] [stdout]    |
[INFO] [stdout]    = note: this error originates in the macro `$crate::sqlx_macros::expand_query` which comes from the expansion of the macro `sqlx::query` (in Nightly builds, run with -Z macro-backtrace for more info)
[INFO] [stdout] 
[INFO] [stdout] 
[INFO] [stdout] error: error communicating with database: Cannot assign requested address (os error 99)
[INFO] [stdout]    --> src/authentication.rs:101:5
[INFO] [stdout]     |
[INFO] [stdout] 101 | /     sqlx::query!(
[INFO] [stdout] 102 | |         r#"
[INFO] [stdout] 103 | |         UPDATE users
[INFO] [stdout] 104 | |         SET password_hash = $1
[INFO] [stdout] ...   |
[INFO] [stdout] 108 | |         user_id
[INFO] [stdout] 109 | |     )
[INFO] [stdout]     | |_____^
[INFO] [stdout]     |
[INFO] [stdout]     = note: this error originates in the macro `$crate::sqlx_macros::expand_query` which comes from the expansion of the macro `sqlx::query` (in Nightly builds, run with -Z macro-backtrace for more info)
[INFO] [stdout] 
[INFO] [stdout] 
[INFO] [stdout] error: error communicating with database: Cannot assign requested address (os error 99)
[INFO] [stdout]    --> src/authentication.rs:101:5
[INFO] [stdout]     |
[INFO] [stdout] 101 | /     sqlx::query!(
[INFO] [stdout] 102 | |         r#"
[INFO] [stdout] 103 | |         UPDATE users
[INFO] [stdout] 104 | |         SET password_hash = $1
[INFO] [stdout] ...   |
[INFO] [stdout] 108 | |         user_id
[INFO] [stdout] 109 | |     )
[INFO] [stdout]     | |_____^
[INFO] [stdout]     |
[INFO] [stdout]     = note: this error originates in the macro `$crate::sqlx_macros::expand_query` which comes from the expansion of the macro `sqlx::query` (in Nightly builds, run with -Z macro-backtrace for more info)
[INFO] [stdout] 
[INFO] [stdout] 
[INFO] [stdout] error: error communicating with database: Cannot assign requested address (os error 99)
[INFO] [stdout]   --> src/routes/admin/dashboard.rs:50:15
[INFO] [stdout]    |
[INFO] [stdout] 50 |       let row = sqlx::query!(
[INFO] [stdout]    |  _______________^
[INFO] [stdout] 51 | |         r#"
[INFO] [stdout] 52 | |         SELECT username
[INFO] [stdout] 53 | |         FROM users
[INFO] [stdout] ...  |
[INFO] [stdout] 56 | |         user_id,
[INFO] [stdout] 57 | |     )
[INFO] [stdout]    | |_____^
[INFO] [stdout]    |
[INFO] [stdout]    = note: this error originates in the macro `$crate::sqlx_macros::expand_query` which comes from the expansion of the macro `sqlx::query` (in Nightly builds, run with -Z macro-backtrace for more info)
[INFO] [stdout] 
[INFO] [stdout] 
[INFO] [stdout] error: error communicating with database: Cannot assign requested address (os error 99)
[INFO] [stdout]   --> src/routes/admin/dashboard.rs:50:15
[INFO] [stdout]    |
[INFO] [stdout] 50 |       let row = sqlx::query!(
[INFO] [stdout]    |  _______________^
[INFO] [stdout] 51 | |         r#"
[INFO] [stdout] 52 | |         SELECT username
[INFO] [stdout] 53 | |         FROM users
[INFO] [stdout] ...  |
[INFO] [stdout] 56 | |         user_id,
[INFO] [stdout] 57 | |     )
[INFO] [stdout]    | |_____^
[INFO] [stdout]    |
[INFO] [stdout]    = note: this error originates in the macro `$crate::sqlx_macros::expand_query` which comes from the expansion of the macro `sqlx::query` (in Nightly builds, run with -Z macro-backtrace for more info)
[INFO] [stdout] 
[INFO] [stdout] 
[INFO] [stdout] error: error communicating with database: Cannot assign requested address (os error 99)
[INFO] [stdout]   --> src/routes/admin/newsletter/post.rs:71:33
[INFO] [stdout]    |
[INFO] [stdout] 71 |       let confirmed_subscribers = sqlx::query!(
[INFO] [stdout]    |  _________________________________^
[INFO] [stdout] 72 | |         r#"
[INFO] [stdout] 73 | |         SELECT email
[INFO] [stdout] 74 | |         FROM subscriptions
[INFO] [stdout] 75 | |         WHERE status = 'confirmed'
[INFO] [stdout] 76 | |         "#,
[INFO] [stdout] 77 | |     )
[INFO] [stdout]    | |_____^
[INFO] [stdout]    |
[INFO] [stdout]    = note: this error originates in the macro `$crate::sqlx_macros::expand_query` which comes from the expansion of the macro `sqlx::query` (in Nightly builds, run with -Z macro-backtrace for more info)
[INFO] [stdout] 
[INFO] [stdout] 
[INFO] [stdout] error: error communicating with database: Cannot assign requested address (os error 99)
[INFO] [stdout]   --> src/routes/admin/newsletter/post.rs:71:33
[INFO] [stdout]    |
[INFO] [stdout] 71 |       let confirmed_subscribers = sqlx::query!(
[INFO] [stdout]    |  _________________________________^
[INFO] [stdout] 72 | |         r#"
[INFO] [stdout] 73 | |         SELECT email
[INFO] [stdout] 74 | |         FROM subscriptions
[INFO] [stdout] 75 | |         WHERE status = 'confirmed'
[INFO] [stdout] 76 | |         "#,
[INFO] [stdout] 77 | |     )
[INFO] [stdout]    | |_____^
[INFO] [stdout]    |
[INFO] [stdout]    = note: this error originates in the macro `$crate::sqlx_macros::expand_query` which comes from the expansion of the macro `sqlx::query` (in Nightly builds, run with -Z macro-backtrace for more info)
[INFO] [stdout] 
[INFO] [stdout] 
[INFO] [stdout] error: error communicating with database: Cannot assign requested address (os error 99)
[INFO] [stdout]    --> src/routes/subscriptions.rs:138:5
[INFO] [stdout]     |
[INFO] [stdout] 138 | /     sqlx::query!(
[INFO] [stdout] 139 | |         r#"
[INFO] [stdout] 140 | |     INSERT INTO subscriptions (id, email, name, subscribed_at, status)
[INFO] [stdout] 141 | |     VALUES ($1, $2, $3, $4, 'pending_confirmation')
[INFO] [stdout] ...   |
[INFO] [stdout] 146 | |         Utc::now()
[INFO] [stdout] 147 | |     )
[INFO] [stdout]     | |_____^
[INFO] [stdout]     |
[INFO] [stdout]     = note: this error originates in the macro `$crate::sqlx_macros::expand_query` which comes from the expansion of the macro `sqlx::query` (in Nightly builds, run with -Z macro-backtrace for more info)
[INFO] [stdout] 
[INFO] [stdout] 
[INFO] [stdout] error: error communicating with database: Cannot assign requested address (os error 99)
[INFO] [stdout]    --> src/routes/subscriptions.rs:162:5
[INFO] [stdout]     |
[INFO] [stdout] 162 | /     sqlx::query!(
[INFO] [stdout] 163 | |         r#"
[INFO] [stdout] 164 | |     INSERT INTO subscription_tokens (subscription_token, subscriber_id)
[INFO] [stdout] 165 | |     VALUES ($1, $2)
[INFO] [stdout] ...   |
[INFO] [stdout] 168 | |         subscriber_id
[INFO] [stdout] 169 | |     )
[INFO] [stdout]     | |_____^
[INFO] [stdout]     |
[INFO] [stdout]     = note: this error originates in the macro `$crate::sqlx_macros::expand_query` which comes from the expansion of the macro `sqlx::query` (in Nightly builds, run with -Z macro-backtrace for more info)
[INFO] [stdout] 
[INFO] [stdout] 
[INFO] [stdout] error: error communicating with database: Cannot assign requested address (os error 99)
[INFO] [stdout]   --> src/routes/subscriptions_confirm.rs:53:5
[INFO] [stdout]    |
[INFO] [stdout] 53 | /     sqlx::query!(
[INFO] [stdout] 54 | |         r#"UPDATE subscriptions SET status = 'confirmed' WHERE id = $1"#,
[INFO] [stdout] 55 | |         subscriber_id,
[INFO] [stdout] 56 | |     )
[INFO] [stdout]    | |_____^
[INFO] [stdout]    |
[INFO] [stdout]    = note: this error originates in the macro `$crate::sqlx_macros::expand_query` which comes from the expansion of the macro `sqlx::query` (in Nightly builds, run with -Z macro-backtrace for more info)
[INFO] [stdout] 
[INFO] [stdout] 
[INFO] [stdout] error: error communicating with database: Cannot assign requested address (os error 99)
[INFO] [stdout]   --> src/routes/subscriptions_confirm.rs:67:18
[INFO] [stdout]    |
[INFO] [stdout] 67 |       let result = sqlx::query!(
[INFO] [stdout]    |  __________________^
[INFO] [stdout] 68 | |         r#"SELECT subscriber_id FROM subscription_tokens WHERE subscription_token = $1"#,
[INFO] [stdout] 69 | |         subscription_token,
[INFO] [stdout] 70 | |     )
[INFO] [stdout]    | |_____^
[INFO] [stdout]    |
[INFO] [stdout]    = note: this error originates in the macro `$crate::sqlx_macros::expand_query` which comes from the expansion of the macro `sqlx::query` (in Nightly builds, run with -Z macro-backtrace for more info)
[INFO] [stdout] 
[INFO] [stdout] 
[INFO] [stdout] error: error communicating with database: Cannot assign requested address (os error 99)
[INFO] [stdout]    --> src/routes/subscriptions.rs:138:5
[INFO] [stdout]     |
[INFO] [stdout] 138 | /     sqlx::query!(
[INFO] [stdout] 139 | |         r#"
[INFO] [stdout] 140 | |     INSERT INTO subscriptions (id, email, name, subscribed_at, status)
[INFO] [stdout] 141 | |     VALUES ($1, $2, $3, $4, 'pending_confirmation')
[INFO] [stdout] ...   |
[INFO] [stdout] 146 | |         Utc::now()
[INFO] [stdout] 147 | |     )
[INFO] [stdout]     | |_____^
[INFO] [stdout]     |
[INFO] [stdout]     = note: this error originates in the macro `$crate::sqlx_macros::expand_query` which comes from the expansion of the macro `sqlx::query` (in Nightly builds, run with -Z macro-backtrace for more info)
[INFO] [stdout] 
[INFO] [stdout] 
[INFO] [stdout] error: error communicating with database: Cannot assign requested address (os error 99)
[INFO] [stdout]    --> src/routes/subscriptions.rs:162:5
[INFO] [stdout]     |
[INFO] [stdout] 162 | /     sqlx::query!(
[INFO] [stdout] 163 | |         r#"
[INFO] [stdout] 164 | |     INSERT INTO subscription_tokens (subscription_token, subscriber_id)
[INFO] [stdout] 165 | |     VALUES ($1, $2)
[INFO] [stdout] ...   |
[INFO] [stdout] 168 | |         subscriber_id
[INFO] [stdout] 169 | |     )
[INFO] [stdout]     | |_____^
[INFO] [stdout]     |
[INFO] [stdout]     = note: this error originates in the macro `$crate::sqlx_macros::expand_query` which comes from the expansion of the macro `sqlx::query` (in Nightly builds, run with -Z macro-backtrace for more info)
[INFO] [stdout] 
[INFO] [stdout] 
[INFO] [stdout] error: error communicating with database: Cannot assign requested address (os error 99)
[INFO] [stdout]   --> src/routes/subscriptions_confirm.rs:53:5
[INFO] [stdout]    |
[INFO] [stdout] 53 | /     sqlx::query!(
[INFO] [stdout] 54 | |         r#"UPDATE subscriptions SET status = 'confirmed' WHERE id = $1"#,
[INFO] [stdout] 55 | |         subscriber_id,
[INFO] [stdout] 56 | |     )
[INFO] [stdout]    | |_____^
[INFO] [stdout]    |
[INFO] [stdout]    = note: this error originates in the macro `$crate::sqlx_macros::expand_query` which comes from the expansion of the macro `sqlx::query` (in Nightly builds, run with -Z macro-backtrace for more info)
[INFO] [stdout] 
[INFO] [stdout] 
[INFO] [stdout] error: error communicating with database: Cannot assign requested address (os error 99)
[INFO] [stdout]   --> src/routes/subscriptions_confirm.rs:67:18
[INFO] [stdout]    |
[INFO] [stdout] 67 |       let result = sqlx::query!(
[INFO] [stdout]    |  __________________^
[INFO] [stdout] 68 | |         r#"SELECT subscriber_id FROM subscription_tokens WHERE subscription_token = $1"#,
[INFO] [stdout] 69 | |         subscription_token,
[INFO] [stdout] 70 | |     )
[INFO] [stdout]    | |_____^
[INFO] [stdout]    |
[INFO] [stdout]    = note: this error originates in the macro `$crate::sqlx_macros::expand_query` which comes from the expansion of the macro `sqlx::query` (in Nightly builds, run with -Z macro-backtrace for more info)
[INFO] [stdout] 
[INFO] [stdout] 
[INFO] [stdout] warning: unused import: `chrono::Utc`
[INFO] [stdout]  --> src/routes/subscriptions.rs:7:5
[INFO] [stdout]   |
[INFO] [stdout] 7 | use chrono::Utc;
[INFO] [stdout]   |     ^^^^^^^^^^^
[INFO] [stdout]   |
[INFO] [stdout]   = note: `#[warn(unused_imports)]` on by default
[INFO] [stdout] 
[INFO] [stdout] 
[INFO] [stdout] warning: unused import: `chrono::Utc`
[INFO] [stdout]  --> src/routes/subscriptions.rs:7:5
[INFO] [stdout]   |
[INFO] [stdout] 7 | use chrono::Utc;
[INFO] [stdout]   |     ^^^^^^^^^^^
[INFO] [stdout]   |
[INFO] [stdout]   = note: `#[warn(unused_imports)]` on by default
[INFO] [stdout] 
[INFO] [stdout] 
[INFO] [stdout] warning: unused import: `anyhow::Context`
[INFO] [stdout]  --> src/routes/admin/dashboard.rs:5:5
[INFO] [stdout]   |
[INFO] [stdout] 5 | use anyhow::Context;
[INFO] [stdout]   |     ^^^^^^^^^^^^^^^
[INFO] [stdout] 
[INFO] [stdout] 
[INFO] [stdout] error: aborting due to 8 previous errors; 2 warnings emitted
[INFO] [stdout] 
[INFO] [stdout] 
[INFO] [stderr] error: could not compile `rust_email_sub` (lib test) due to 9 previous errors; 2 warnings emitted
[INFO] [stderr] warning: build failed, waiting for other jobs to finish...
[INFO] [stdout] warning: unused import: `anyhow::Context`
[INFO] [stdout]  --> src/routes/admin/dashboard.rs:5:5
[INFO] [stdout]   |
[INFO] [stdout] 5 | use anyhow::Context;
[INFO] [stdout]   |     ^^^^^^^^^^^^^^^
[INFO] [stdout] 
[INFO] [stdout] 
[INFO] [stdout] error: aborting due to 8 previous errors; 2 warnings emitted
[INFO] [stdout] 
[INFO] [stdout] 
[INFO] [stderr] error: could not compile `rust_email_sub` (lib) due to 9 previous errors; 2 warnings emitted
[INFO] running `Command { std: "docker" "inspect" "4d01d50a1cb92fe9f1699e3d05cb37804905b1f1e117fef7a96e46fe9780e8b7", kill_on_drop: false }`
[INFO] running `Command { std: "docker" "rm" "-f" "4d01d50a1cb92fe9f1699e3d05cb37804905b1f1e117fef7a96e46fe9780e8b7", kill_on_drop: false }`
[INFO] [stdout] 4d01d50a1cb92fe9f1699e3d05cb37804905b1f1e117fef7a96e46fe9780e8b7
